    {"version":"1.0","provider_name":"Blog do Guelmann","provider_url":"https:\/\/gersonguelmann.com.br\/blog","author_name":"Gerson Guelmann","author_url":"https:\/\/gersonguelmann.com.br\/blog\/author\/gerson\/","title":"Acampados Pr\u00f3 Lula e Atiradores: Duelo de Irracionais | Blog do Guelmann","type":"rich","width":600,"height":338,"html":"<blockquote class=\"wp-embedded-content\" data-secret=\"27UgIqveQl\"><a href=\"https:\/\/gersonguelmann.com.br\/blog\/acampados-pro-lula-e-atiradores-duelo-de-irracionais\/\">Acampados Pr\u00f3 Lula e Atiradores: Duelo de Irracionais<\/a><\/blockquote><iframe sandbox=\"allow-scripts\" security=\"restricted\" src=\"https:\/\/gersonguelmann.com.br\/blog\/acampados-pro-lula-e-atiradores-duelo-de-irracionais\/embed\/#?secret=27UgIqveQl\" width=\"600\" height=\"338\" title=\"&#8220;Acampados Pr\u00f3 Lula e Atiradores: Duelo de Irracionais&#8221; &#8212; Blog do Guelmann\" data-secret=\"27UgIqveQl\" frameborder=\"0\" marginwidth=\"0\" marginheight=\"0\" scrolling=\"no\" class=\"wp-embedded-content\"><\/iframe><script type=\"text\/javascript\">\n\/* <![CDATA[ *\/\n\/*! This file is auto-generated *\/\n!function(d,l){\"use strict\";l.querySelector&&d.addEventListener&&\"undefined\"!=typeof URL&&(d.wp=d.wp||{},d.wp.receiveEmbedMessage||(d.wp.receiveEmbedMessage=function(e){var t=e.data;if((t||t.secret||t.message||t.value)&&!\/[^a-zA-Z0-9]\/.test(t.secret)){for(var s,r,n,a=l.querySelectorAll('iframe[data-secret=\"'+t.secret+'\"]'),o=l.querySelectorAll('blockquote[data-secret=\"'+t.secret+'\"]'),c=new RegExp(\"^https?:$\",\"i\"),i=0;i<o.length;i++)o[i].style.display=\"none\";for(i=0;i<a.length;i++)s=a[i],e.source===s.contentWindow&&(s.removeAttribute(\"style\"),\"height\"===t.message?(1e3<(r=parseInt(t.value,10))?r=1e3:~~r<200&&(r=200),s.height=r):\"link\"===t.message&&(r=new URL(s.getAttribute(\"src\")),n=new URL(t.value),c.test(n.protocol))&&n.host===r.host&&l.activeElement===s&&(d.top.location.href=t.value))}},d.addEventListener(\"message\",d.wp.receiveEmbedMessage,!1),l.addEventListener(\"DOMContentLoaded\",function(){for(var e,t,s=l.querySelectorAll(\"iframe.wp-embedded-content\"),r=0;r<s.length;r++)(t=(e=s[r]).getAttribute(\"data-secret\"))||(t=Math.random().toString(36).substring(2,12),e.src+=\"#?secret=\"+t,e.setAttribute(\"data-secret\",t)),e.contentWindow.postMessage({message:\"ready\",secret:t},\"*\")},!1)))}(window,document);\n\/\/# sourceURL=https:\/\/gersonguelmann.com.br\/blog\/wp-includes\/js\/wp-embed.min.js\n\/* ]]> *\/\n<\/script>\n","thumbnail_url":"https:\/\/i0.wp.com\/gersonguelmann.com.br\/blog\/wp-content\/uploads\/2018\/04\/Acampamento.jpg?fit=615%2C300&ssl=1","thumbnail_width":615,"thumbnail_height":300,"description":"Na madrugada de hoje um celerado qualquer atirou contra o acampamento onde estavam dormindo os apoiadores do ex-presidente Lula, aqui em Curitiba. Sobre eles muito j\u00e1 se falou. Ainda que estejam exercendo um direito leg\u00edtimo, \u00e9 espantoso que tantas pessoas estejam sem trabalhar h\u00e1 tantos dias. Nunca se sabe quem prov\u00ea alimenta\u00e7\u00e3o e custeia todas [&hellip;]"}

Acampados Pró Lula e Atiradores: Duelo de Irracionais | Blog do Guelmann

<blockquote class="wp-embedded-content" data-secret="27UgIqveQl"><a href="https://gersonguelmann.com.br/blog/acampados-pro-lula-e-atiradores-duelo-de-irracionais/">Acampados Pró Lula e Atiradores: Duelo de Irracionais</a></blockquote><iframe sandbox="allow-scripts" security="restricted" src="https://gersonguelmann.com.br/blog/acampados-pro-lula-e-atiradores-duelo-de-irracionais/embed/#?secret=27UgIqveQl" width="600" height="338" title="&#8220;Acampados Pró Lula e Atiradores: Duelo de Irracionais&#8221; &#8212; Blog do Guelmann" data-secret="27UgIqveQl" frameborder="0" marginwidth="0" marginheight="0" scrolling="no" class="wp-embedded-content"></iframe><script type="text/javascript">
/* <![CDATA[ */
/*! This file is auto-generated */
!function(d,l){"use strict";l.querySelector&&d.addEventListener&&"undefined"!=typeof URL&&(d.wp=d.wp||{},d.wp.receiveEmbedMessage||(d.wp.receiveEmbedMessage=function(e){var t=e.data;if((t||t.secret||t.message||t.value)&&!/[^a-zA-Z0-9]/.test(t.secret)){for(var s,r,n,a=l.querySelectorAll('iframe[data-secret="'+t.secret+'"]'),o=l.querySelectorAll('blockquote[data-secret="'+t.secret+'"]'),c=new RegExp("^https?:$","i"),i=0;i<o.length;i++)o[i].style.display="none";for(i=0;i<a.length;i++)s=a[i],e.source===s.contentWindow&&(s.removeAttribute("style"),"height"===t.message?(1e3<(r=parseInt(t.value,10))?r=1e3:~~r<200&&(r=200),s.height=r):"link"===t.message&&(r=new URL(s.getAttribute("src")),n=new URL(t.value),c.test(n.protocol))&&n.host===r.host&&l.activeElement===s&&(d.top.location.href=t.value))}},d.addEventListener("message",d.wp.receiveEmbedMessage,!1),l.addEventListener("DOMContentLoaded",function(){for(var e,t,s=l.querySelectorAll("iframe.wp-embedded-content"),r=0;r<s.length;r++)(t=(e=s[r]).getAttribute("data-secret"))||(t=Math.random().toString(36).substring(2,12),e.src+="#?secret="+t,e.setAttribute("data-secret",t)),e.contentWindow.postMessage({message:"ready",secret:t},"*")},!1)))}(window,document);
//# sourceURL=https://gersonguelmann.com.br/blog/wp-includes/js/wp-embed.min.js
/* ]]> */
</script>

Na madrugada de hoje um celerado qualquer atirou contra o acampamento onde estavam dormindo os apoiadores do ex-presidente Lula, aqui em Curitiba. Sobre eles muito já se falou. Ainda que estejam exercendo um direito legítimo, é espantoso que tantas pessoas estejam sem trabalhar há tantos dias. Nunca se sabe quem provê alimentação e custeia todas [&hellip;]
