    {"version":"1.0","provider_name":"Blog do Guelmann","provider_url":"https:\/\/gersonguelmann.com.br\/blog","author_name":"Gerson Guelmann","author_url":"https:\/\/gersonguelmann.com.br\/blog\/author\/gerson\/","title":"Boechat, Indignado, Fala Sobre a Transfer\u00eancia de Lula | Blog do Guelmann","type":"rich","width":600,"height":338,"html":"<blockquote class=\"wp-embedded-content\" data-secret=\"ULroEA5fkr\"><a href=\"https:\/\/gersonguelmann.com.br\/blog\/boechat-indignado-fala-sobre-a-transferencia-de-lula\/\">Boechat, Indignado, Fala Sobre a Transfer\u00eancia de Lula<\/a><\/blockquote><iframe sandbox=\"allow-scripts\" security=\"restricted\" src=\"https:\/\/gersonguelmann.com.br\/blog\/boechat-indignado-fala-sobre-a-transferencia-de-lula\/embed\/#?secret=ULroEA5fkr\" width=\"600\" height=\"338\" title=\"&#8220;Boechat, Indignado, Fala Sobre a Transfer\u00eancia de Lula&#8221; &#8212; Blog do Guelmann\" data-secret=\"ULroEA5fkr\" frameborder=\"0\" marginwidth=\"0\" marginheight=\"0\" scrolling=\"no\" class=\"wp-embedded-content\"><\/iframe><script type=\"text\/javascript\">\n\/* <![CDATA[ *\/\n\/*! This file is auto-generated *\/\n!function(d,l){\"use strict\";l.querySelector&&d.addEventListener&&\"undefined\"!=typeof URL&&(d.wp=d.wp||{},d.wp.receiveEmbedMessage||(d.wp.receiveEmbedMessage=function(e){var t=e.data;if((t||t.secret||t.message||t.value)&&!\/[^a-zA-Z0-9]\/.test(t.secret)){for(var s,r,n,a=l.querySelectorAll('iframe[data-secret=\"'+t.secret+'\"]'),o=l.querySelectorAll('blockquote[data-secret=\"'+t.secret+'\"]'),c=new RegExp(\"^https?:$\",\"i\"),i=0;i<o.length;i++)o[i].style.display=\"none\";for(i=0;i<a.length;i++)s=a[i],e.source===s.contentWindow&&(s.removeAttribute(\"style\"),\"height\"===t.message?(1e3<(r=parseInt(t.value,10))?r=1e3:~~r<200&&(r=200),s.height=r):\"link\"===t.message&&(r=new URL(s.getAttribute(\"src\")),n=new URL(t.value),c.test(n.protocol))&&n.host===r.host&&l.activeElement===s&&(d.top.location.href=t.value))}},d.addEventListener(\"message\",d.wp.receiveEmbedMessage,!1),l.addEventListener(\"DOMContentLoaded\",function(){for(var e,t,s=l.querySelectorAll(\"iframe.wp-embedded-content\"),r=0;r<s.length;r++)(t=(e=s[r]).getAttribute(\"data-secret\"))||(t=Math.random().toString(36).substring(2,12),e.src+=\"#?secret=\"+t,e.setAttribute(\"data-secret\",t)),e.contentWindow.postMessage({message:\"ready\",secret:t},\"*\")},!1)))}(window,document);\n\/\/# sourceURL=https:\/\/gersonguelmann.com.br\/blog\/wp-includes\/js\/wp-embed.min.js\n\/* ]]> *\/\n<\/script>\n","thumbnail_url":"https:\/\/i0.wp.com\/gersonguelmann.com.br\/blog\/wp-content\/uploads\/2018\/04\/boechat_01.gif?fit=476%2C328&ssl=1","thumbnail_width":476,"thumbnail_height":328,"description":"Ricardo Boechat, em seu programa no dia 26 na BandNews, comentou sobre o pedido de transfer\u00eancia de Lula e falou sobre as condi\u00e7\u00f5es da pris\u00e3o. Analisando com equil\u00edbrio \u00e9 for\u00e7oso admitir que ele carregou um pouco nas tintas na quest\u00e3o da visita \u00edntima, mas algumas tiradas s\u00e3o engra\u00e7adas."}

Boechat, Indignado, Fala Sobre a Transferência de Lula | Blog do Guelmann

<blockquote class="wp-embedded-content" data-secret="ULroEA5fkr"><a href="https://gersonguelmann.com.br/blog/boechat-indignado-fala-sobre-a-transferencia-de-lula/">Boechat, Indignado, Fala Sobre a Transferência de Lula</a></blockquote><iframe sandbox="allow-scripts" security="restricted" src="https://gersonguelmann.com.br/blog/boechat-indignado-fala-sobre-a-transferencia-de-lula/embed/#?secret=ULroEA5fkr" width="600" height="338" title="&#8220;Boechat, Indignado, Fala Sobre a Transferência de Lula&#8221; &#8212; Blog do Guelmann" data-secret="ULroEA5fkr" frameborder="0" marginwidth="0" marginheight="0" scrolling="no" class="wp-embedded-content"></iframe><script type="text/javascript">
/* <![CDATA[ */
/*! This file is auto-generated */
!function(d,l){"use strict";l.querySelector&&d.addEventListener&&"undefined"!=typeof URL&&(d.wp=d.wp||{},d.wp.receiveEmbedMessage||(d.wp.receiveEmbedMessage=function(e){var t=e.data;if((t||t.secret||t.message||t.value)&&!/[^a-zA-Z0-9]/.test(t.secret)){for(var s,r,n,a=l.querySelectorAll('iframe[data-secret="'+t.secret+'"]'),o=l.querySelectorAll('blockquote[data-secret="'+t.secret+'"]'),c=new RegExp("^https?:$","i"),i=0;i<o.length;i++)o[i].style.display="none";for(i=0;i<a.length;i++)s=a[i],e.source===s.contentWindow&&(s.removeAttribute("style"),"height"===t.message?(1e3<(r=parseInt(t.value,10))?r=1e3:~~r<200&&(r=200),s.height=r):"link"===t.message&&(r=new URL(s.getAttribute("src")),n=new URL(t.value),c.test(n.protocol))&&n.host===r.host&&l.activeElement===s&&(d.top.location.href=t.value))}},d.addEventListener("message",d.wp.receiveEmbedMessage,!1),l.addEventListener("DOMContentLoaded",function(){for(var e,t,s=l.querySelectorAll("iframe.wp-embedded-content"),r=0;r<s.length;r++)(t=(e=s[r]).getAttribute("data-secret"))||(t=Math.random().toString(36).substring(2,12),e.src+="#?secret="+t,e.setAttribute("data-secret",t)),e.contentWindow.postMessage({message:"ready",secret:t},"*")},!1)))}(window,document);
//# sourceURL=https://gersonguelmann.com.br/blog/wp-includes/js/wp-embed.min.js
/* ]]> */
</script>

Ricardo Boechat, em seu programa no dia 26 na BandNews, comentou sobre o pedido de transferência de Lula e falou sobre as condições da prisão. Analisando com equilíbrio é forçoso admitir que ele carregou um pouco nas tintas na questão da visita íntima, mas algumas tiradas são engraçadas.
