    {"version":"1.0","provider_name":"Blog do Guelmann","provider_url":"https:\/\/gersonguelmann.com.br\/blog","author_name":"Gerson Guelmann","author_url":"https:\/\/gersonguelmann.com.br\/blog\/author\/gerson\/","title":"Negacionista do Holocausto Cumprir\u00e1 Pena na Cadeia | Blog do Guelmann","type":"rich","width":600,"height":338,"html":"<blockquote class=\"wp-embedded-content\" data-secret=\"ouiSU77UoP\"><a href=\"https:\/\/gersonguelmann.com.br\/blog\/negacionista-do-holocausto-cumprira-pena-na-cadeia\/\">Negacionista do Holocausto Cumprir\u00e1 Pena na Cadeia<\/a><\/blockquote><iframe sandbox=\"allow-scripts\" security=\"restricted\" src=\"https:\/\/gersonguelmann.com.br\/blog\/negacionista-do-holocausto-cumprira-pena-na-cadeia\/embed\/#?secret=ouiSU77UoP\" width=\"600\" height=\"338\" title=\"&#8220;Negacionista do Holocausto Cumprir\u00e1 Pena na Cadeia&#8221; &#8212; Blog do Guelmann\" data-secret=\"ouiSU77UoP\" frameborder=\"0\" marginwidth=\"0\" marginheight=\"0\" scrolling=\"no\" class=\"wp-embedded-content\"><\/iframe><script type=\"text\/javascript\">\n\/* <![CDATA[ *\/\n\/*! This file is auto-generated *\/\n!function(d,l){\"use strict\";l.querySelector&&d.addEventListener&&\"undefined\"!=typeof URL&&(d.wp=d.wp||{},d.wp.receiveEmbedMessage||(d.wp.receiveEmbedMessage=function(e){var t=e.data;if((t||t.secret||t.message||t.value)&&!\/[^a-zA-Z0-9]\/.test(t.secret)){for(var s,r,n,a=l.querySelectorAll('iframe[data-secret=\"'+t.secret+'\"]'),o=l.querySelectorAll('blockquote[data-secret=\"'+t.secret+'\"]'),c=new RegExp(\"^https?:$\",\"i\"),i=0;i<o.length;i++)o[i].style.display=\"none\";for(i=0;i<a.length;i++)s=a[i],e.source===s.contentWindow&&(s.removeAttribute(\"style\"),\"height\"===t.message?(1e3<(r=parseInt(t.value,10))?r=1e3:~~r<200&&(r=200),s.height=r):\"link\"===t.message&&(r=new URL(s.getAttribute(\"src\")),n=new URL(t.value),c.test(n.protocol))&&n.host===r.host&&l.activeElement===s&&(d.top.location.href=t.value))}},d.addEventListener(\"message\",d.wp.receiveEmbedMessage,!1),l.addEventListener(\"DOMContentLoaded\",function(){for(var e,t,s=l.querySelectorAll(\"iframe.wp-embedded-content\"),r=0;r<s.length;r++)(t=(e=s[r]).getAttribute(\"data-secret\"))||(t=Math.random().toString(36).substring(2,12),e.src+=\"#?secret=\"+t,e.setAttribute(\"data-secret\",t)),e.contentWindow.postMessage({message:\"ready\",secret:t},\"*\")},!1)))}(window,document);\n\/\/# sourceURL=https:\/\/gersonguelmann.com.br\/blog\/wp-includes\/js\/wp-embed.min.js\n\/* ]]> *\/\n<\/script>\n","thumbnail_url":"https:\/\/i0.wp.com\/gersonguelmann.com.br\/blog\/wp-content\/uploads\/2018\/05\/Holocausto.jpg?fit=699%2C420&ssl=1","thumbnail_width":699,"thumbnail_height":420,"description":"Publicado hoje no UOL Not\u00edcias: Alem\u00e3 de 89 anos \u00e9 condenada por negar Holocausto 07\/05\/2018 &#8211; 14h22 Berlim, 7 mai (EFE).- Ursula Haverbeck foi detida nesta segunda-feira em Bielefeld, cidade na regi\u00e3o oeste da Alemanha, e cumprir\u00e1 uma pena de dois anos de pris\u00e3o por negar reiteradamente o Holocausto, informou o Minist\u00e9rio P\u00fablico. A alem\u00e3, [&hellip;]"}

Negacionista do Holocausto Cumprirá Pena na Cadeia | Blog do Guelmann

<blockquote class="wp-embedded-content" data-secret="ouiSU77UoP"><a href="https://gersonguelmann.com.br/blog/negacionista-do-holocausto-cumprira-pena-na-cadeia/">Negacionista do Holocausto Cumprirá Pena na Cadeia</a></blockquote><iframe sandbox="allow-scripts" security="restricted" src="https://gersonguelmann.com.br/blog/negacionista-do-holocausto-cumprira-pena-na-cadeia/embed/#?secret=ouiSU77UoP" width="600" height="338" title="&#8220;Negacionista do Holocausto Cumprirá Pena na Cadeia&#8221; &#8212; Blog do Guelmann" data-secret="ouiSU77UoP" frameborder="0" marginwidth="0" marginheight="0" scrolling="no" class="wp-embedded-content"></iframe><script type="text/javascript">
/* <![CDATA[ */
/*! This file is auto-generated */
!function(d,l){"use strict";l.querySelector&&d.addEventListener&&"undefined"!=typeof URL&&(d.wp=d.wp||{},d.wp.receiveEmbedMessage||(d.wp.receiveEmbedMessage=function(e){var t=e.data;if((t||t.secret||t.message||t.value)&&!/[^a-zA-Z0-9]/.test(t.secret)){for(var s,r,n,a=l.querySelectorAll('iframe[data-secret="'+t.secret+'"]'),o=l.querySelectorAll('blockquote[data-secret="'+t.secret+'"]'),c=new RegExp("^https?:$","i"),i=0;i<o.length;i++)o[i].style.display="none";for(i=0;i<a.length;i++)s=a[i],e.source===s.contentWindow&&(s.removeAttribute("style"),"height"===t.message?(1e3<(r=parseInt(t.value,10))?r=1e3:~~r<200&&(r=200),s.height=r):"link"===t.message&&(r=new URL(s.getAttribute("src")),n=new URL(t.value),c.test(n.protocol))&&n.host===r.host&&l.activeElement===s&&(d.top.location.href=t.value))}},d.addEventListener("message",d.wp.receiveEmbedMessage,!1),l.addEventListener("DOMContentLoaded",function(){for(var e,t,s=l.querySelectorAll("iframe.wp-embedded-content"),r=0;r<s.length;r++)(t=(e=s[r]).getAttribute("data-secret"))||(t=Math.random().toString(36).substring(2,12),e.src+="#?secret="+t,e.setAttribute("data-secret",t)),e.contentWindow.postMessage({message:"ready",secret:t},"*")},!1)))}(window,document);
//# sourceURL=https://gersonguelmann.com.br/blog/wp-includes/js/wp-embed.min.js
/* ]]> */
</script>

Publicado hoje no UOL Notícias: Alemã de 89 anos é condenada por negar Holocausto 07/05/2018 &#8211; 14h22 Berlim, 7 mai (EFE).- Ursula Haverbeck foi detida nesta segunda-feira em Bielefeld, cidade na região oeste da Alemanha, e cumprirá uma pena de dois anos de prisão por negar reiteradamente o Holocausto, informou o Ministério Público. A alemã, [&hellip;]
